inder when 2986 is divided by 7.
4
What is the remainder when 2396 is divided by 655?
431
What is the remainder when 24140 is divided by 24122?
18
Calculate the remainder when 1304 is divided by 1304.
0
What is the remainder when 3798 is divided by 1248?
54
What is the remainder when 948 is divided by 172?
88
What is the remainder when 2736 is divided by 300?
36
Calculate the remainder when 59983 is divided by 23.
22
What is the remainder when 740 is divided by 194?
158
What is the remainder when 153110 is divided by 202?
196
Calculate the remainder when 5901 is divided by 659.
629
Calculate the remainder when 11149 is divided by 79.
10
What is the remainder when 5063 is divided by 631?
15
What is the remainder when 3543 is divided by 1139?
126
What is the remainder when 13502 is divided by 42?
20
What is the remainder when 56536 is divided by 33?
7
Calculate the remainder when 13354 is divided by 477.
475
What is the remainder when 69252 is divided by 81?
78
Calculate the remainder when 317695 is divided by 73.
72
What is the remainder when 623235 is divided by 22?
19
Calculate the remainder when 1581 is divided by 231.
195
What is the remainder when 212312 is divided by 798?
44
What is the remainder when 940679 is divided by 40?
39
What is the remainder when 36293 is divided by 102?
83
What is the remainder when 1882 is divided by 118?
112
Calculate the remainder when 46586 is divided by 7737.
164
Calculate the remainder when 130835 is divided by 117.
29
What is the remainder when 43303 is divided by 144?
103
Calculate the remainder when 66918 is divided by 7434.
12
What is the remainder when 21667 is divided by 301?
296
Calculate the remainder when 111296 is divided by 208.
16
Calculate the remainder when 260718 is divided by 80.
78
Calculate the remainder when 1447634 is divided by 119.
118
What is the remainder when 70074 is divided by 234?
108
Calculate the remainder when 637 is divided by 2.
1
Calculate the remainder when 85795 is divided by 482.
481
Calculate the remainder when 36944 is divided by 972.
8
What is the remainder when 92224 is divided by 6146?
34
What is the remainder when 33777 is divided by 6753?
12
What is the remainder when 168187 is divided by 768?
763
Calculate the remainder when 2333 is divided by 758.
59
What is the remainder when 32802 is divided by 16284?
234
What is the remainder when 2949 is divided by 5?
4
Calculate the remainder when 9132 is divided by 992.
204
Calculate the remainder when 3048997 is divided by 125.
122
What is the remainder when 1589956 is divided by 527?
524
What is the remainder when 128866 is divided by 149?
130
What is the remainder when 576007 is divided by 1440?
7
Calculate the remainder when 333139 is divided by 33313.
9
What is the remainder when 37410 is divided by 1703?
1647
What is the remainder when 1961279 is divided by 9?
8
What is the remainder when 47905 is divided by 15951?
52
What is the remainder when 55966 is divided by 13987?
18
What is the remainder when 7746 is divided by 486?
456
What is the remainder when 5528 is divided by 5?
3
Calculate the remainder when 2269 is divided by 1127.
15
Calculate the remainder when 245008 is divided by 81643.
79
What is the remainder when 14730 is divided by 84?
30
Calculate the remainder when 153213 is divided by 199.
182
What is the remainder when 1180591 is divided by 166?
165
Calculate the remainder when 18559 is divided by 84.
79
What is the remainder when 151279 is divided by 351?
349
Calculate the remainder when 1937005 is divided by 645668.
1
What is the remainder when 2102 is divided by 132?
122
What is the remainder when 128231 is divided by 26?
25
What is the remainder when 24587 is divided by 12287?
13
What is the remainder when 9099 is divided by 190?
169
Calculate the remainder when 5671 is divided by 907.
229
Calculate the remainder when 34890 is divided by 61.
59
What is the remainder when 102021 is divided by 18?
15
What is the remainder when 26259 is divided by 49?
44
Calculate the remainder when 56017 is divided by 29.
18
What is the remainder when 43692 is divided by 9?
6
What is the remainder when 19609 is divided by 272?
25
Calculate the remainder when 3025 is divided by 304.
289
What is the remainder when 3254 is divided by 104?
30
Calculate the remainder when 11652 is divided by 5772.
108
Calculate the remainder when 10406 is divided by 3418.
152
What is the remainder when 1391 is divided by 1218?
173
What is the remainder when 171683 is divided by 171?
170
Calculate the remainder when 669596 is divided by 134.
132
Calculate the remainder when 6717 is divided by 3342.
33
Calculate the remainder when 18663 is divided by 381.
375
What is the remainder when 55328 is divided by 27652?
24
What is the remainder when 5973 is divided by 588?
93
What is the remainder when 4504 is divided by 30?
4
What is the remainder when 2466797 is divided by 700?
697
What is the remainder when 3686 is divided by 125?
61
Calculate the remainder when 79112 is divided by 762.
626
What is the remainder when 21133 is divided by 357?
70
What is the remainder when 143411 is divided by 228?
227
Calculate the remainder when 74373 is divided by 708.
33
What is the remainder when 1542 is divided by 1091?
451
Calculate the remainder when 7981 is divided by 404.
305
What is the remainder when 200918 is divided by 225?
218
What is the remainder when 414 is divided by 159?
96
What is the remainder when 1614 is divided by 16?
14
Calculate the remainder when 166 is divided by 86.
80
Calculate the remainder when 3565 is divided by 445.
5
Calculate the remainder when 2197 is divided by 22.
19
What is the remainder when 60906 is divided by 47?
41
Calculate the remainder when 13417 is divided by 160.
137
What is the remainder when 6152 is divided by 5860?
292
Calculate the remainder when 25281 is divided by 6.
3
What is the remainder when 420 is divided by 12?
0
Calculate the remainder when 325139 is divided by 199.
172
Calculate the remainder when 7684 is divided by 2119.
1327
What is the remainder when 114189 is divided by 234?
231
Calculate the remainder when 492054 is divided by 708.
702
What is the remainder when 339967 is divided by 256?
255
Calculate the remainder when 170582 is divided by 5882.
4
What is the remainder when 23639 is divided by 7879?
2
What is the remainder when 10534 is divided by 3?
1
What is the remainder when 228 is divided by 17?
7
What is the remainder when 46713 is divided by 20?
13
Calculate the remainder when 637542 is divided by 5849.
1
Calculate the remainder when 1276 is divided by 108.
88
Calculate the remainder when 561596 is divided by 1440.
1436
What is the remainder when 17782 is divided by 184?
118
What is the remainder when 1523022 is divided by 85?
77
What is the remainder when 22596 is divided by 3740?
156
What is the remainder when 1031027 is divided by 26?
23
Calculate the remainder when 54752 is divided by 10.
2
Calculate the remainder when 1509388 is divided by 119.
111
What is the remainder when 45991 is divided by 2082?
187
What is the remainder when 5018 is divided by 147?
20
What is the remainder when 68731 is divided by 34365?
1
What is the remainder when 1310 is divided by 343?
281
What is the remainder when 1043331 is divided by 57?
3
What is the remainder when 17021 is divided by 8465?
91
What is the remainder when 98707 is divided by 978?
907
What is the remainder when 7205 is divided by 2394?
23
Calculate the remainder when 39554 is divided by 27.
26
What is the remainder when 559 is divided by 52?
39
What is the remainder when 791 is divided by 479?
312
Calculate the remainder when 74898 is divided by 121.
120
Calculate the remainder when 13341 is divided by 61.
43
Calculate the remainder when 13200 is divided by 512.
400
What is the remainder when 2687 is divided by 121?
25
Calculate the remainder when 1118 is divided by 55.
18
What is the remainder when 339119 is divided by 108?
107
What is the remainder when 38234 is divided by 1002?
158
Calculate the remainder when 1281 is divided by 341.
258
Calculate the remainder when 52359 is divided by 440.
439
Calculate the remainder when 147554 is divided by 559.
537
Calculate the remainder when 9078 is divided by 303.
291
What is the remainder whe